7*u - 6*u**2 - u**3 - 2*u**2 + 0*u**3 - 16 - 5455*u. What is y(-3)?
-28
Let f = -72 + 63. Let s be (-2)/f + 21/27 - -4. Let n(o) = -4 + 3*o + 5 + s*o**2 - 3*o**3 + o + 4*o**3. Determine n(-3).
7
Let l(g) be the first derivative of 22 - 2*g**4 + 2/3*g**3 + 0*g**2 - g. Let n(j) = -j**2 + j + 1. Let t be n(1). What is l(t)?
-7
Let c(k) = -k**2 + 6*k + 10. Suppose 0 = -5*a - 3*s + 352, 0 = -a + 2*s + 11 + 49. Let u = 75 - a. Give c(u).
3
Let z(o) = -o**3 + 2*o**2 - 3*o - 5. Let m be z(-1). Let t(r) = 8*r - 12. Let k(u) = -2*u + 1. Let p(n) = m*t(n) + 3*k(n). Give p(4).
-1
Let p(u) = 10*u**3 - 4*u + 3. Suppose 9*d - 10*d + 7 = 6*d. What is p(d)?
9
Let n(j) = 1. Let h(x) = 2*x + 6. Let z(w) = -h(w) + 5*n(w). Suppose -6*b + 107 = 77. Suppose -3*y = b*r + 7, -6*y - 3*r = -5*y + 1. Determine z(y).
7
Let f(m) = m**3 - 3*m**2 - 5*m - 3. Suppose 72 = -8*y + 2*y. Let l(h) = -2*h - 22. Let w be l(y). Suppose -3*o + 4 + 0 = w*c, -2*c - 8 = 0. Give f(o).
-7
Let n be -81 - -75 - -1*9. Suppose -7 = -n*w - 5*u, -55*w + 50*w + u - 7 = 0. Let t(s) = -9*s**3 + s**2 - s - 2. Determine t(w).
9
Suppose -5*y = -3*s - 118, s + 2*y = 6*y - 30. Let q = -49 - s. Let n(l) be the third derivative of -l**6/120 - l**5/30 + l**4/6 + 26*l**2. Give n(q).
-3
Let z(p) = 2*p - 2. Suppose 0*n + 2268 = 18*n. Suppose 105 = 3*w + n. What is z(w)?
-16
Let w(s) = 4 + 6 + 14 - s - 45 + 11. Determine w(-8).
-2
Let g = 306 - 289. Suppose 13*d = -4*z + 8*d - g, -4*d = -z + 22. Let m(q) = q**2 + 1. Determine m(z).
5
Let x(o) = -o**3 - o**2 + 18*o - 4. Let p = 5197 - 5197. What is x(p)?
-4
Let l(t) = -10*t**2 + 6*t - 3. Let o(a) = -4*a**2 + 3*a - 1. Let z(w) = -3*l(w) + 7*o(w). What is z(-7)?
79
Let r(z) be the second derivative of z**4/12 - 5*z**3/2 + 63*z**2/2 - 107*z + 2. What is r(7)?
7
Let u(d) = -d**3 - 8*d**2 - 9*d - 3. Suppose -6087*p + 5544 = -6171*p. Let b be 59/(-1) + -1 + 1. Let i = p - b. Determine u(i).
11
Suppose -15*z - 2*z - 20*z = 0. Let x(h) be the third derivative of 0 + z*h + 11*h**2 + 1/60*h**5 + 1/24*h**4 + 0*h**3. What is x(-1)?
0
Let t = 10375 + -10374. Let u(f) = 14*f**2 - 9*f + 10. Determine u(t).
15
Suppose 10*u - 12 = 6*u. Suppose -1 = -y + u. Let m(o) = -4 - 4 + y + o - 2*o. Give m(-5).
1
Let f(c) = c**3 + 8*c**2 + 6*c - 1. Suppose -m + 3*z - 5 = -0, 0 = z. Let l = 5254 + -5269. Let t be -7 - -6 - m/(l/18). What is f(t)?
6
Let v(t) = 2*t**2 - 7*t + 7. Let h be v(3). Let d(k) = -k - k + 4*k + 5*k - h*k. Determine d(-3).
-9
Let y(x) = -x**3 - 2*x**2 + 7*x + 1. Let q be 15918/4927 + 6/(-26). What is y(q)?
-23
Suppose 2*u + 16 = 2*f, f + 8 = 5*f. Let p(y) = -y**2 - 8*y - 4. What is p(u)?
8
Suppose 8*q - 117 = 131. Let x = q + -26. Suppose 4*g = -v, 4*g - x*v + 6 = 30. Let f(y) = -15*y. Give f(g).
-15
Let x(n) = -n**2 + 1867502 - 1867502 + 32*n. What is x(31)?
31
Let g(n) = -32*n - 37. Let s(w) = 11*w + 13. Let t(j) = 6*g(j) + 17*s(j). Calculate t(2).
-11
Let v(q) = 0*q - 11*q + 11 - 5 - 3 + 0*q. Calculate v(4).
-41
Let s(u) = 19*u - 29*u - 3*u**2 - u**2 - u**2 + 14 + 4*u**2. Suppose 0 = -3*x - 35 + 2. What is s(x)?
3
Let t(p) be the third derivative of -p**8/20160 + p**7/840 + p**6/80 - 73*p**5/60 - 80*p**2. Let f(o) be the third derivative of t(o). Calculate f(8).
-7
Let s(b) = 2*b - 5. Let v(l) = 51*l**2 - l + 2. Let w be v(1). Suppose -4*i - 3*r = -w, -i - 3*r = -20 - 2. Calculate s(i).
15
Let h(r) = -r - 1. Let p(s) = 3*s + 1. Let l be (-1)/(-2)*(-17 + -6 + 7). Let y(g) = l*h(g) - 3*p(g). Determine y(5).
0
Let w(y) = 36*y**2 - 113*y**2 + 41*y**2 + 37*y**2 - 39 - 4*y. Calculate w(8).
-7
Let o(h) = -2*h - 1. Let g(u) be the second derivative of 11*u**3/6 + 7*u**2/2 - u. Suppose 10*w = 9*w + 6*w + 170. Let m(a) = w*o(a) - 6*g(a). Give m(7).
6
Let t(s) = -9*s**3 + 18*s**2 - 5*s + 4. Let j be t(2). Let m(k) be the second derivative of -k**4/12 - 5*k**3/6 + 3*k**2 + 86*k. What is m(j)?
0
Let p be -12*(-4 - 2/4*15). Let v(t) = 5*t - p - 140 + 279. What is v(-1)?
-4
Let c(s) = -3*s**2 + 155 + 143 + 149 - 2*s + s**3 - 453 + 0*s**3. What is c(3)?
-12
Let q(d) = 2*d**2 - d - 2. Suppose -14 = -3*g - 4*g. Let p be (2 - 1)/(2 - 3/g). Suppose -p*x + 2 = -3*a, 4*a - 11 - 1 = -x. Give q(a).
4
Let f = 57 + -60. Suppose 8*u - 7 - 49 = 0. Let r(q) = -3 + 3*q**2 - 2*q**2 - u*q + 13*q. Give r(f).
-12
Let l(w) = w**3 + w**3 + 1 - 2*w**2 - 3*w + 0 + w**2. Suppose 3*t + m = 24, -4*m = -3*t + 13 + 11. Suppose 7 = t*p - 9. Give l(p).
7
Let c be (55/6)/(-5) + (3 - 1). Let i(x) be the third derivative of 0 + 1/6*x**3 + 0*x + c*x**4 - 15*x**2. Determine i(1).
5
Let b(c) = -144*c + 1147. Let r be b(8). Let n(u) = 4*u + 6. Give n(r).
-14
Let w be (1640/246)/((-15)/(-18)). Let r(u) = u**3 - 9*u**2 + 7*u + 23. What is r(w)?
15
Let o(l) = -l + 3. Let n(p) = -8*p + 13. Let y(t) = -37*t + 67. Let i(k) = 11*n(k) - 2*y(k). Let f(g) = i(g) - 4*o(g). Give f(-2).
17
Let o(q) = -2*q**2 + 34*q - 117. Let i = -5944 - -5956. Give o(i).
3
Let i(v) = 7*v**2 + 6*v - 9. Let z be i(2). Suppose 0 = -9*y + z - 13. Let m(b) = -325 - b + 328 + y*b. Calculate m(3).
6
Let f(d) be the first derivative of 5*d**2/2 - 97*d + 104. Give f(18).
-7
Suppose -18*u + 5 = -13*u. Suppose 4*k + f = -5, 5*k + 6 = -2*f - u. Let l(p) be the second derivative of -p**4/6 + 11*p. Determine l(k).
-2
Let o(k) be the third derivative of -k**4/24 + 8*k**3/3 - 7190*k**2. What is o(12)?
4
Let u(a) = 3*a**2 - 22*a + 6. Let t(c) = -25*c**2 + 176*c - 46. Let i(h) = 2*t(h) + 17*u(h). Determine i(22).
10
Let o(s) = 12*s + 1. Let f be (-1)/3*0*(531/90 - 6). Calculate o(f).
1
Let u(h) = h**2 + 8*h - 7. Let v(p) = 3*p**2 + 6*p + 11. Let g be v(-5). Suppose l - 3*y - 17 = 2*y, g = 5*l + 4*y. Suppose -2*d - l = 6. Determine u(d).
2
Let g be (-2)/((0 - 2) + 4). Let n(q) = 19*q + 18. Let j be n(g). Let d(w) = -2*w - 4. Calculate d(j).
-2
Let a(z) = 4*z**3 + 4*z**2 + 45*z + 7. Let q(p) = 5*p**3 + 4*p**2 + 59*p + 8. Let j(k) = -4*a(k) + 3*q(k). Determine j(-3).
-4
Let u(r) = -r**2 + 22*r - 121. Suppose -5*k + 2*i = -49, 47 = 4*k + 81*i - 80*i. Calculate u(k).
0
Suppose 143 = 17*y - 6*y. Suppose y*b = 6*b - 35. Let r(g) = g**2 + 9*g + 6. What is r(b)?
-14
Let r(j) = -j**2 - 13*j - 50. Let g be r(-7). Let i(w) = -w**3 - 7*w**2 + 15*w + 50. Give i(g).
-6
Let s(d) be the first derivative of d**6/120 + 11*d**5/60 + d**4/3 - 5*d**3/3 - 75*d**2/2 + 75. Let u(v) be the second derivative of s(v). Calculate u(-10).
10
Let o(z) be the second derivative of 29*z**4/12 + 2*z**3 + 6*z**2 + 291*z. Determine o(-1).
29
Let r(x) = x**2 - 7*x - 44. Let z(s) = s**2 - 2*s - 15. Let c(w) = r(w) - 2*z(w). Calculate c(-8).
-54
Suppose 6*a - 27 - 57 = 0. Suppose h - 2*c - a = -5*c, -28 = -3*h + 5*c. Suppose 4*y = 39 - h. Let f(s) = -s**3 + 7*s**2 + 4. Give f(y).
4
Let a = -3079 + 3071. Let l(d) = -d**2 - 2*d + 30. Calculate l(a).
-18
Let d(o) = 10*o**2 + 8*o + 25. Let m(c) = -13*c**2 - 7*c - 24. Let z(h) = 4*d(h) + 3*m(h). Give z(-6).
-2
Let h(t) = -7*t + 117. Let v be h(14). Let x(o) = -7 + 11 - v + 0*o - 9 + 2*o. Give x(17).
10
Let d(s) = 9*s + 644. Let g be d(-71). Let u(r) be the third derivative of -1/6*r**3 - 1/24*r**4 - 5*r**2 + 0*r + 1/60*r**g + 0. Give u(-2).
5
Suppose -18230 = 9*v - 18383. Let g(k) = k**2 - 15*k - 9. Calculate g(v).
25
Let t(d) = -2*d**2 + 6*d - 9. Let o = 206 - 204. Let r(m) = -m**2 + 5*m - 7. Let p(v) = o*t(v) - 3*r(v). Suppose 0*j - 4 = -j, -5*z - 4 = 4*j. Give p(z).
-1
Let l be (0 - 1)/(-1 - 2/(-3)). Let s(i) = -i**3 + 3*i - i**3 - 1 + i**l + 2*i**2 + 0*i**2. Suppose -7*j = -4*j - 6. Determine s(j).
5
Let z(a) be the first derivative of a**3/3 + 11*a**2/2 + 9*a + 1. Suppose 10*s = 13 + 27. Suppose 0 = -s*h - h - 30. Give z(h).
-21
Let z be (-12)/(-30)*-5 + 8. Let j(s) = z*s - 13*s + 5*s**2 + s**3 + 13*s + 0*s**3. Calculate j(-4).
-8
Let k(f) = f**2 + 8*f - 64. Suppose g = -5*y - 18, -y - 239 + 264 = -2*g. What is k(g)?
1
Let t(q) = 5*q. Let w(u) be the first derivative of -u**3/2 + 12*u + 3. Let g(a) be the first derivative of w(a). Let v(f) = 7*g(f) + 4*t(f). What is v(-5)?
5
Let u(z) = 11*z + 45. Let o(d) = 17*d**2 + 290*d + 12. Let g be o(-17). Give u(g).
-10
Suppose 0 = -5*x, -12 + 17 = z - 3*x. Suppose r - 19 = -0*m - 3*m, 19 = 5*r - 4*m. Let n(f) = -f**2 + 4*f - 4*f + 4*f + r + f. Give n(z).
7
Let s(i) = -i**3 + i**2 + 4*i + 1. Suppose -37*k = 